{"id":1423,"date":"2023-11-02T08:00:53","date_gmt":"2023-11-02T15:00:53","guid":{"rendered":"https:\/\/www.aspenglobalinnovators.org\/?post_type=our_fellows&#038;p=1423"},"modified":"2025-07-15T15:09:50","modified_gmt":"2025-07-15T22:09:50","slug":"aly-faye","status":"publish","type":"our_fellows","link":"https:\/\/www.aspenglobalinnovators.org\/fr\/our_fellows\/aly-faye\/","title":{"rendered":"Aly Faye"},"content":{"rendered":"<p><span data-sheets-value=\"{&quot;1&quot;:2,&quot;2&quot;:&quot;Aly Faye est un professionnel de la communication, avec une dizaine d\u2019ann\u00e9es d\u2019exp\u00e9rience, qui aide les organisations et autres acteurs de d\u00e9veloppement \u00e0 am\u00e9liorer leur r\u00e9putation et leur image de marque. Aly sert \u00e9galement de pont entre la recherche et la prise de d\u00e9cision, en connectant, par le biais d\u2019outils adapt\u00e9s et de messages taill\u00e9s sur mesure, les acteurs de la recherche et les d\u00e9cideurs. Rompu au d\u00e9veloppement et \u00e0 la mise en \u0153uvre d\u2019outils et de strat\u00e9gies de communication, Aly travaille \u00e0 rendre accessibles aux pouvoirs publics des informations et \u00e9vidences pouvant \u00e9clairer les politiques. Il appuie les communaut\u00e9s \u00e0 changer de regards, de pratiques et de comportement par rapport \u00e0 des enjeux li\u00e9s \u00e0 la protection de l\u2019environnement et au d\u00e9veloppement durable.&quot;}\" data-sheets-userformat=\"{&quot;2&quot;:13091,&quot;3&quot;:{&quot;1&quot;:0},&quot;4&quot;:{&quot;1&quot;:2,&quot;2&quot;:15987699},&quot;8&quot;:{&quot;1&quot;:[{&quot;1&quot;:2,&quot;2&quot;:0,&quot;5&quot;:{&quot;1&quot;:2,&quot;2&quot;:0}},{&quot;1&quot;:0,&quot;2&quot;:0,&quot;3&quot;:3},{&quot;1&quot;:1,&quot;2&quot;:0,&quot;4&quot;:1}]},&quot;11&quot;:4,&quot;12&quot;:0,&quot;15&quot;:&quot;Arial&quot;,&quot;16&quot;:12}\">Aly Faye est un professionnel de la communication, avec une dizaine d\u2019ann\u00e9es d\u2019exp\u00e9rience, qui aide les organisations et autres acteurs de d\u00e9veloppement \u00e0 am\u00e9liorer leur r\u00e9putation et leur image de marque. Aly sert \u00e9galement de pont entre la recherche et la prise de d\u00e9cision, en connectant, par le biais d\u2019outils adapt\u00e9s et de messages taill\u00e9s sur mesure, les acteurs de la recherche et les d\u00e9cideurs. Rompu au d\u00e9veloppement et \u00e0 la mise en \u0153uvre d\u2019outils et de strat\u00e9gies de communication, Aly travaille \u00e0 rendre accessibles aux pouvoirs publics des informations et \u00e9vidences pouvant \u00e9clairer les politiques. Il appuie les communaut\u00e9s \u00e0 changer de regards, de pratiques et de comportement par rapport \u00e0 des enjeux li\u00e9s \u00e0 la protection de l\u2019environnement et au d\u00e9veloppement durable.<\/span><\/p>\n<p>___<\/p>\n<p><span data-sheets-root=\"1\">Aly Faye is a communications professional with over a decade of experience helping organizations and other development stakeholders improve their reputation and brand image. Aly also serves as a bridge between research and decision-making, connecting research stakeholders and decision-makers through tailored tools and messages. Experienced in the development and implementation of communication tools and strategies, Aly works to make information and evidence that can inform policy accessible to public authorities. He supports communities in changing their perspectives, practices, and behaviors regarding issues related to environmental protection and sustainable development.<\/span><\/p>\n","protected":false},"featured_media":0,"template":"","focus_area":[89],"expertise":[137,157],"class_list":["post-1423","our_fellows","type-our_fellows","status-publish","hentry","focus_area-economic-empowerment","expertise-climate-change","expertise-policy"],"acf":[],"_links":{"self":[{"href":"https:\/\/www.aspenglobalinnovators.org\/fr\/wp-json\/wp\/v2\/our_fellows\/1423","targetHints":{"allow":["GET"]}}],"collection":[{"href":"https:\/\/www.aspenglobalinnovators.org\/fr\/wp-json\/wp\/v2\/our_fellows"}],"about":[{"href":"https:\/\/www.aspenglobalinnovators.org\/fr\/wp-json\/wp\/v2\/types\/our_fellows"}],"wp:attachment":[{"href":"https:\/\/www.aspenglobalinnovators.org\/fr\/wp-json\/wp\/v2\/media?parent=1423"}],"wp:term":[{"taxonomy":"focus_area","embeddable":true,"href":"https:\/\/www.aspenglobalinnovators.org\/fr\/wp-json\/wp\/v2\/focus_area?post=1423"},{"taxonomy":"expertise","embeddable":true,"href":"https:\/\/www.aspenglobalinnovators.org\/fr\/wp-json\/wp\/v2\/expertise?post=1423"}],"curies":[{"name":"wp","href":"https:\/\/api.w.org\/{rel}","templated":true}]}}

<p><span data-sheets-value="{&quot;1&quot;:2,&quot;2&quot;:&quot;Aly Faye est un professionnel de la communication, avec une dizaine d’années d’expérience, qui aide les organisations et autres acteurs de développement à améliorer leur réputation et leur image de marque. Aly sert également de pont entre la recherche et la prise de décision, en connectant, par le biais d’outils adaptés et de messages taillés sur mesure, les acteurs de la recherche et les décideurs. Rompu au développement et à la mise en œuvre d’outils et de stratégies de communication, Aly travaille à rendre accessibles aux pouvoirs publics des informations et évidences pouvant éclairer les politiques. Il appuie les communautés à changer de regards, de pratiques et de comportement par rapport à des enjeux liés à la protection de l’environnement et au développement durable.&quot;}" data-sheets-userformat="{&quot;2&quot;:13091,&quot;3&quot;:{&quot;1&quot;:0},&quot;4&quot;:{&quot;1&quot;:2,&quot;2&quot;:15987699},&quot;8&quot;:{&quot;1&quot;:[{&quot;1&quot;:2,&quot;2&quot;:0,&quot;5&quot;:{&quot;1&quot;:2,&quot;2&quot;:0}},{&quot;1&quot;:0,&quot;2&quot;:0,&quot;3&quot;:3},{&quot;1&quot;:1,&quot;2&quot;:0,&quot;4&quot;:1}]},&quot;11&quot;:4,&quot;12&quot;:0,&quot;15&quot;:&quot;Arial&quot;,&quot;16&quot;:12}">Aly Faye est un professionnel de la communication, avec une dizaine d’années d’expérience, qui aide les organisations et autres acteurs de développement à améliorer leur réputation et leur image de marque. Aly sert également de pont entre la recherche et la prise de décision, en connectant, par le biais d’outils adaptés et de messages taillés sur mesure, les acteurs de la recherche et les décideurs. Rompu au développement et à la mise en œuvre d’outils et de stratégies de communication, Aly travaille à rendre accessibles aux pouvoirs publics des informations et évidences pouvant éclairer les politiques. Il appuie les communautés à changer de regards, de pratiques et de comportement par rapport à des enjeux liés à la protection de l’environnement et au développement durable.</span></p>
<p>___</p>
<p><span data-sheets-root="1">Aly Faye is a communications professional with over a decade of experience helping organizations and other development stakeholders improve their reputation and brand image. Aly also serves as a bridge between research and decision-making, connecting research stakeholders and decision-makers through tailored tools and messages. Experienced in the development and implementation of communication tools and strategies, Aly works to make information and evidence that can inform policy accessible to public authorities. He supports communities in changing their perspectives, practices, and behaviors regarding issues related to environmental protection and sustainable development.</span></p>
