{"id":499,"date":"2023-03-29T11:16:37","date_gmt":"2023-03-29T18:16:37","guid":{"rendered":"https:\/\/www.aspenglobalinnovators.org\/?post_type=our_fellows&#038;p=499"},"modified":"2025-06-30T12:32:24","modified_gmt":"2025-06-30T19:32:24","slug":"celina-trowell","status":"publish","type":"our_fellows","link":"https:\/\/www.aspenglobalinnovators.org\/fr\/our_fellows\/celina-trowell\/","title":{"rendered":"Celina Trowell"},"content":{"rendered":"<p>Celina S. Trowell, LSW, est une habitante de Brownsville, Brooklyn, \u00e9pouse, m\u00e8re et organisatrice \u00e0 VOCAL-NY, dont la passion est le service communautaire et l'\u00e9l\u00e9vation. Ce cadre a guid\u00e9 son engagement dans la communaut\u00e9, le travail religieux et l'organisation professionnelle en travaillant \u00e0 \u00e9duquer, stimuler, activer et agiter les communaut\u00e9s pour remettre en question les r\u00e9ponses carc\u00e9rales et les syst\u00e8mes oppressifs. Celina croit profond\u00e9ment au processus de gu\u00e9rison r\u00e9paratrice de l'imagination radicale qui vise \u00e0 cr\u00e9er des solutions transformatrices pour un monde que les communaut\u00e9s noires historiquement marginalis\u00e9es et les personnes de couleur m\u00e9ritent. Celina a plus de dix ans d'exp\u00e9rience dans le domaine des services sociaux, de la sant\u00e9 et de la lutte contre le sans-abrisme. Celina se consid\u00e8re fi\u00e8rement comme une \u00e9tudiante \u00e0 vie de la tradition noire, f\u00e9minine et abolitionniste. Celina s'est engag\u00e9e activement dans plusieurs initiatives locales telles que Racial Justice BK, Brooklyn Justice Advocacy Coalition, et est actuellement pr\u00e9sidente de la Coalition des jeunes professionnels d'Ocean Hill-Brownsville, une association b\u00e9n\u00e9vole \u00e0 but non lucratif.<\/p>","protected":false},"featured_media":0,"template":"","focus_area":[89],"expertise":[98,147],"class_list":["post-499","our_fellows","type-our_fellows","status-publish","hentry","focus_area-economic-empowerment","expertise-access-to-care","expertise-political-activism"],"acf":[],"_links":{"self":[{"href":"https:\/\/www.aspenglobalinnovators.org\/fr\/wp-json\/wp\/v2\/our_fellows\/499","targetHints":{"allow":["GET"]}}],"collection":[{"href":"https:\/\/www.aspenglobalinnovators.org\/fr\/wp-json\/wp\/v2\/our_fellows"}],"about":[{"href":"https:\/\/www.aspenglobalinnovators.org\/fr\/wp-json\/wp\/v2\/types\/our_fellows"}],"wp:attachment":[{"href":"https:\/\/www.aspenglobalinnovators.org\/fr\/wp-json\/wp\/v2\/media?parent=499"}],"wp:term":[{"taxonomy":"focus_area","embeddable":true,"href":"https:\/\/www.aspenglobalinnovators.org\/fr\/wp-json\/wp\/v2\/focus_area?post=499"},{"taxonomy":"expertise","embeddable":true,"href":"https:\/\/www.aspenglobalinnovators.org\/fr\/wp-json\/wp\/v2\/expertise?post=499"}],"curies":[{"name":"wp","href":"https:\/\/api.w.org\/{rel}","templated":true}]}}

<p>Celina S. Trowell, LSW, est une habitante de Brownsville, Brooklyn, épouse, mère et organisatrice à VOCAL-NY, dont la passion est le service communautaire et l'élévation. Ce cadre a guidé son engagement dans la communauté, le travail religieux et l'organisation professionnelle en travaillant à éduquer, stimuler, activer et agiter les communautés pour remettre en question les réponses carcérales et les systèmes oppressifs. Celina croit profondément au processus de guérison réparatrice de l'imagination radicale qui vise à créer des solutions transformatrices pour un monde que les communautés noires historiquement marginalisées et les personnes de couleur méritent. Celina a plus de dix ans d'expérience dans le domaine des services sociaux, de la santé et de la lutte contre le sans-abrisme. Celina se considère fièrement comme une étudiante à vie de la tradition noire, féminine et abolitionniste. Celina s'est engagée activement dans plusieurs initiatives locales telles que Racial Justice BK, Brooklyn Justice Advocacy Coalition, et est actuellement présidente de la Coalition des jeunes professionnels d'Ocean Hill-Brownsville, une association bénévole à but non lucratif.</p>
